
False
Is 201636077 a composite number?
True
Is 220916301 a prime number?
False
Is 471520669 composite?
True
Is 9875455 a prime number?
False
Is 13515299 a composite number?
True
Is 9824417 a prime number?
False
Is 9463057 composite?
False
Is 373083391 a prime number?
False
Is 1065511 a prime number?
True
Is 6446851 a prime number?
True
Is 411619 prime?
False
Is 16201943 composite?
True
Is 37670953 a composite number?
False
Is 9806473 composite?
True
Is 3200695 a composite number?
True
Is 114280937 prime?
False
Is 9253493 a prime number?
True
Is 50250983 prime?
True
Is 3199 a prime number?
False
Is 233726173 prime?
False
Is 29802383 a prime number?
False
Is 17783333 a prime number?
True
Is 51312403 prime?
True
Is 2394683 composite?
False
Is 2773289 composite?
False
Is 88432413 prime?
False
Is 13733011 composite?
False
Is 148763 composite?
False
Is 6202415 prime?
False
Is 12058231 a composite number?
False
Is 2733415 a prime number?
False
Is 67654109 composite?
True
Is 9140743 composite?
True
Is 158061763 a prime number?
False
Is 31834694 prime?
False
Is 25685939 composite?
False
Is 21173903 a prime number?
True
Is 118791483 composite?
True
Is 72409153 a composite number?
False
Is 663859 prime?
False
Is 49211489 composite?
False
Is 240945203 composite?
True
Is 2788277 composite?
True
Is 13274563 a composite number?
False
Is 16694657 prime?
False
Is 2151971 prime?
True
Is 63617285 a composite number?
True
Is 1595281 prime?
False
Is 1407343 prime?
False
Is 12895761 composite?
True
Is 262103 a prime number?
True
Is 17421242 prime?
False
Is 404867 prime?
False
Is 419684501 a composite number?
False
Is 12646847 a composite number?
True
Is 527099 prime?
True
Is 2436601 a prime number?
True
Is 243563079 a composite number?
True
Is 31241789 composite?
False
Is 192928507 composite?
True
Is 6271547 a composite number?
True
Is 12608789 a prime number?
True
Is 5738041 prime?
True
Is 25401373 a prime number?
False
Is 1039139 prime?
True
Is 2549137 a composite number?
True
Is 52876127 composite?
False
Is 381167 a prime number?
True
Is 3236561 composite?
True
Is 26061467 a composite number?
False
Is 48056993 a prime number?
True
Is 57595397 a prime number?
True
Is 31005517 prime?
True
Is 7903171 composite?
True
Is 252118091 composite?
False
Is 74205269 prime?
True
Is 163931861 a composite number?
True
Is 112813993 composite?
True
Is 19852089 a prime number?
False
Is 2848738 a composite number?
True
Is 39960563 a prime number?
True
Is 129807967 composite?
False
Is 4704211 a composite number?
False
Is 172622 a composite number?
True
Is 81201023 a prime number?
False
Is 124933789 a composite number?
False
Is 3721823 composite?
True
Is 5279647 prime?
False
Is 34684757 a prime number?
True
Is 128697383 composite?
False
Is 38247731 prime?
True
Is 269148109 a composite number?
False
Is 53522773 prime?
True
Is 668703001 composite?
False
Is 3156719 a composite number?
False
Is 24103217 a composite number?
False
Is 124129861 a composite number?
True
Is 975749 a composite number?
True
Is 26749319 a prime number?
False
Is 14074883 a composite number?
False
Is 1319483 a composite number?
True
Is 9613591 prime?
False
Is 683959559 prime?
True
Is 1196748233 a composite number?
False
Is 2292814555 prime?
False
Is 814996547 a prime number?
True
Is 4575163 a prime number?
True
Is 432223 composite?
True
Is 1012369 a prime number?
True
Is 61153747 composite?
True
Is 2183593 a composite number?
False
Is 117152051 composite?
False
Is 81200677 prime?
True
Is 16173727 composite?
False
Is 3044269 prime?
True
Is 602242117 composite?
True
Is 28106209 prime?
True
Is 5402627 a prime number?
False
Is 115955503 a composite number?
True
Is 90796411 prime?
False
Is 54181187 composite?
False
Is 3620597 a prime number?
True
Is 1217453 a prime number?
False
Is 6233839 prime?
False
Is 4159723 a composite number?
False
Is 17592023 prime?
True
Is 264008291 a composite number?
False
Is 55389013 composite?
True
Is 164330117 composite?
True
Is 18722723 a prime number?
True
Is 19495715 composite?
True
Is 54035897 composite?
False
Is 36560059 a prime number?
False
Is 116648291 a composite number?
False
Is 5898553 a composite number?
True
Is 17652863 prime?
True
Is 56647741 a composite number?
True
Is 10017493 a prime number?
False
Is 83496671 a prime number?
False
Is 55938439 a prime number?
True
Is 1208401 composite?
True
Is 32983849 composite?
False
Is 53324434 prime?
False
Is 16877117 a composite number?
True
Is 3274163 composite?
True
Is 1709827 a prime number?
False
Is 4982581 composite?
True
Is 7401173 prime?
False
Is 222615653 composite?
True
Is 5431927 prime?
False
Is 30997937 prime?
False
Is 105371 composite?
True
Is 52958497 composite?
False
Is 720681751 prime?
False
Is 1303009 composite?
False
Is 3715169 a composite number?
False
Is 13442266 prime?
False
Is 13839367 a prime number?
False
Is 42817157 prime?
True
Is 237573669 a composite number?
True
Is 12974011 a composite number?
False
Is 22308703 a prime number?
False
Is 1286274109 a composite number?
False
Is 82347529 a composite number?
True
Is 33816011 a prime number?
False
Is 51437431 a prime number?
False
Is 561900583 a prime number?
False
Is 4620019 a prime number?
False
Is 4174477 composite?
True
Is 10961921 a composite number?
False
Is 9067777 a composite number?
False
Is 170812997 a composite number?
False
Is 11538853 prime?
True
Is 3367101 a prime number?
False
Is 19099547 composite?
False
Is 240771086 prime?
False
Is 8920661 a composite number?
True
Is 139313365 a composite number?
True
Is 6782407 composite?
True
Is 17535697 prime?
False
Is 86767291 prime?
False
Is 6653449 a prime number?
False
Is 597710831 prime?
True
Is 73737553 a prime number?
False
Is 6693793 a composite number?
True
Is 5750509 a prime number?
True
Is 275784001 composite?
False
Is 298993 composite?
False
Is 15152981 prime?
False
Is 247684231 a composite number?
False
Is 1894577 a prime number?
True
Is 115273777 a composite number?
False
Is 10533947 a composite number?
False
Is 110119 composite?
False
Is 334888923 a composite number?
True
Is 408790817 composite?
False
Is 7724957 a prime number?
True
Is 9558361 prime?
True
Is 2636827 a composite number?
True
Is 2636173 composite?
True
Is 238802006 prime?
False
Is 3581437 composite?
True
Is 110297809 a composite number?
False
Is 375765149 prime?
True
Is 3403093 a composite number?
True
Is 75667269 a composite number?
True
Is 13921783 composite?
False
Is 23972665 prime?
False
Is 27872347 prime?
True
Is 56146049 prime?
True
Is 50914703 a composite number?
True
Is 29728119 composite?
True
Is 6206741 a prime number?
False
Is 5666819 prime?
True
Is 39878317 prime?
False
Is 27499799 a composite number?
True
Is 23910385 a composite number?
True
Is 8882 a prime number?
False
Is 557514887 a composite number?
True
Is 1415611 a composite number?
False
Is 1667059 a composite number?
True
Is 480853229 composite?
False
Is 230267 a composite number?
True
Is 29122801 prime?
False
Is 53016641 a prime number?
True
Is 107928313 prime?
True
Is 32633053 a composite number?
False
Is 5371157 prime?
False
Is 5107051 a composite number?
True
Is 61972439 composite?
False
Is 9860993 a composite number?
True
Is 1262881 composite?
False
Is 41575627 composite?
True
Is 5413459 composite?
True
Is 32688921 composite?
True
Is 3224537 a prime number?
True
Is 3129601 a prime number?
True
Is 31383731 a prime number?
False
Is 726893 prime?
True
Is 9978461 a composite number?
False
Is 1081477 a composite number?
False
Is 6526697 prime?
True
Is 47129 a composite number?
False
Is 81389333 prime?
True
Is 4172431 prime?
True
Is 10593391 composite?
True
Is 16312081 prime?
True
Is 723601 a composite number?
False
Is 118234073 composite?
True
Is 13462483 prime?
False
Is 215349143 a prime number?
True
Is 2107267 prime?
False
Is 93293423 a composite number?
False
Is 90777031 prime?
True
Is 15511133 a prime number?
False
Is 73130927 composite?
True
Is 926377 a prime number?
True
Is 12014117 prime?
True
Is 109965253 prime?
True
Is 2485811 a composite number?
True
Is 12954686 composite?
True
Is 238567265 prime?
False
Is 165823221 prime?
False
Is 9640321 a composite number?
False
Is 224724371 prime?
True
Is 526949369 a composite number?
False
Is 608207 prime?